{"id":92,"date":"2022-05-18T06:28:44","date_gmt":"2022-05-18T06:28:44","guid":{"rendered":"https:\/\/electricidadseal.com\/?page_id=92"},"modified":"2025-04-03T11:46:07","modified_gmt":"2025-04-03T11:46:07","slug":"quienes-somos","status":"publish","type":"page","link":"https:\/\/electricidadseal.com\/?page_id=92","title":{"rendered":"\u00bfQui\u00e9nes Somos?"},"content":{"rendered":"<h2>Electricidad SEAL es una empresa que se dedica a estudiar, asesorar e instalar todo lo relacionado con la electricidad, y estamos comprometidos a ofrecer soluciones innovadoras y de alta calidad.<\/h2>\n<p>&nbsp;<\/p>\n<h2>\u00bfPor qu\u00e9 elegirnos?<\/h2>\n<p>&nbsp;<\/p>\n<h4>\ud83d\udd27 Un Equipo Multidisciplinar<\/h4>\n<h4><\/h4>\n<h4>Contamos con un grupo de instaladores expertos en una variedad de sistemas el\u00e9ctricos, incluyendo:<\/h4>\n<p>&nbsp;<\/p>\n<h4>&#8211; Instalaciones el\u00e9ctricas<br \/>\n&#8211; Alumbrado<br \/>\n&#8211; Sistemas de alarmas y videovigilancia<br \/>\n&#8211; Detecci\u00f3n de incendios y CO2<br \/>\n&#8211; Megafon\u00eda<br \/>\n&#8211; Reparaci\u00f3n de aver\u00edas y urgencias el\u00e9ctricas<\/h4>\n<h4><\/h4>\n<h4>\u00a1Y mucho m\u00e1s! Cada proyecto se personaliza seg\u00fan las necesidades de nuestros clientes, asegurando un trabajo de excelencia.<\/h4>\n<p>&nbsp;<\/p>\n<h3>\ud83d\udc68\u200d\ud83d\udd27 Personal Cualificado<\/h3>\n<p>&nbsp;<\/p>\n<h4>Nuestro equipo t\u00e9cnico se dedica a estudiar y planificar cada proyecto con esmero para garantizar resultados impecables. Adem\u00e1s, ofrecemos un trato personalizado, asesorando a nuestros clientes en cada paso del proceso, desde el inicio hasta la finalizaci\u00f3n de la obra. Despu\u00e9s de la instalaci\u00f3n, tambi\u00e9n proponemos opciones adicionales para asegurarnos de que la soluci\u00f3n se ajuste a sus necesidades actuales y futuras.<\/h4>\n<p>&nbsp;<\/p>\n<h3>\ud83c\udfc6 Primeras Marcas y M\u00e1xima Calidad<\/h3>\n<p>&nbsp;<\/p>\n<h4>En Electricidad SEAL, solo utilizamos materiales de primeras marcas para garantizar una instalaci\u00f3n duradera, segura y con la mejor garant\u00eda del mercado. La calidad es nuestra m\u00e1xima prioridad.<\/h4>\n<p>&nbsp;<\/p>\n<p><img loading=\"lazy\" decoding=\"async\" class=\"alignnone wp-image-144 size-full\" src=\"https:\/\/electricidadseal.com\/wp-content\/uploads\/2022\/05\/electrician-worker-work-electricity-thumbnail.jpg\" alt=\"\" width=\"569\" height=\"320\" srcset=\"https:\/\/electricidadseal.com\/wp-content\/uploads\/2022\/05\/electrician-worker-work-electricity-thumbnail.jpg 569w, https:\/\/electricidadseal.com\/wp-content\/uploads\/2022\/05\/electrician-worker-work-electricity-thumbnail-300x169.jpg 300w\" sizes=\"auto, (max-width: 569px) 100vw, 569px\" \/><\/p>\n","protected":false},"excerpt":{"rendered":"<p>Electricidad SEAL es una empresa que se dedica a estudiar, asesorar e instalar todo lo relacionado con la electricidad, y estamos comprometidos a ofrecer soluciones innovadoras y de alta calidad. &nbsp; \u00bfPor qu\u00e9 elegirnos? &nbsp; \ud83d\udd27 Un Equipo Multidisciplinar Contamos con un grupo de instaladores expertos en una variedad de sistemas el\u00e9ctricos, incluyendo: &nbsp; &#8211; [&hellip;]<\/p>\n","protected":false},"author":1,"featured_media":0,"parent":0,"menu_order":0,"comment_status":"closed","ping_status":"closed","template":"","meta":{"footnotes":""},"class_list":["post-92","page","type-page","status-publish","hentry"],"_links":{"self":[{"href":"https:\/\/electricidadseal.com\/index.php?rest_route=\/wp\/v2\/pages\/92","targetHints":{"allow":["GET"]}}],"collection":[{"href":"https:\/\/electricidadseal.com\/index.php?rest_route=\/wp\/v2\/pages"}],"about":[{"href":"https:\/\/electricidadseal.com\/index.php?rest_route=\/wp\/v2\/types\/page"}],"author":[{"embeddable":true,"href":"https:\/\/electricidadseal.com\/index.php?rest_route=\/wp\/v2\/users\/1"}],"replies":[{"embeddable":true,"href":"https:\/\/electricidadseal.com\/index.php?rest_route=%2Fwp%2Fv2%2Fcomments&post=92"}],"version-history":[{"count":9,"href":"https:\/\/electricidadseal.com\/index.php?rest_route=\/wp\/v2\/pages\/92\/revisions"}],"predecessor-version":[{"id":192,"href":"https:\/\/electricidadseal.com\/index.php?rest_route=\/wp\/v2\/pages\/92\/revisions\/192"}],"wp:attachment":[{"href":"https:\/\/electricidadseal.com\/index.php?rest_route=%2Fwp%2Fv2%2Fmedia&parent=92"}],"curies":[{"name":"wp","href":"https:\/\/api.w.org\/{rel}","templated":true}]}}